and b?
41
Let i(f) = -3*f**2 - 30*f - 9. Let c be i(-8). Calculate the highest common divisor of c and 312.
39
Let b(w) = 3*w**2. Let o be b(1). Suppose -2*h = -o*h + 135. Let f be (-1 + -3)/((-6)/81). What is the highest common factor of h and f?
27
Suppose 0 = -p - 6*p + 126. Suppose -f = 5*o - 55, o + 2*f + 3 = 5. Let q be (6/(-5))/(o/(-60)). What is the highest common factor of q and p?
6
Let m = -1338 - -1479. What is the highest common factor of 47 and m?
47
Let j be -21*(5 - 414/63). Calculate the highest common factor of j and 231.
33
Suppose -128*h + 49062 = -89*h. What is the highest common divisor of 74 and h?
74
Let z = 91 - 46. Suppose -5*h - 4*t = 362, -3*h + 6*t - 10*t = 222. Let c = -52 - h. What is the highest common divisor of c and z?
9
Let v be (8/(-1))/(-2)*3. Suppose 8 + 0 = o. Suppose -18 + 0 = -5*r - 3*h, -o = 2*h. Calculate the highest common divisor of v and r.
6
Let f(m) = 2*m - 6. Let v be f(4). Let h be -3 + 63 + v + -2. What is the greatest common factor of h and 24?
12
Let x(v) = -2*v**3 - 25*v**2 - 13*v + 31. Let t be x(-12). Calculate the highest common factor of t and 172.
43
Let w be -2 + (-75)/(-25) + 155*1. Suppose o + o + 268 = 5*g, 2*o + 8 = 0. Calculate the highest common factor of w and g.
52
Let r be (-1526)/(-34) - 106/(-901). Calculate the highest common divisor of 2745 and r.
45
Let r = 1062 - 1041. What is the greatest common factor of r and 252?
21
Let t = -99 - -190. Calculate the highest common factor of 182 and t.
91
Let i be 11 + (-7 - -4) - 5. What is the greatest common divisor of i and 93?
3
Suppose -2*k + 0*k = 782. Let m = -130 - k. What is the highest common factor of m and 29?
29
Let i(r) = r + 5. Let c be i(0). Let f = 34 + -22. Suppose 18 = c*h - f. Calculate the highest common divisor of h and 2.
2
Let l be (8 - 4/(-4))/(6/20). Let v = -16 + l. What is the highest common factor of 98 and v?
14
Let r be -4 - -1041*(-5)/(-15). Calculate the greatest common divisor of 7 and r.
7
Let y be 10/(-3)*12/(-10). Let c be y + -2 - 176/(-2). Calculate the greatest common divisor of 36 and c.
18
Let o(q) = -29*q + 4. Let l be o(-4). Let r(w) = -w**3 + 21*w**2 + 4*w - 36. Let t be r(21). Calculate the greatest common divisor of t and l.
24
Let l = 719 - 575. Calculate the greatest common factor of l and 396.
36
Suppose -2*n = n. Let x = 76 - 73. Suppose -x*t + 216 = -n*t. What is the highest common factor of 9 and t?
9
Let j(w) = 7*w**2 - 11*w + 27. Let z be j(2). Let i(h) = 46*h**2 - h - 1. Let x be i(-1). Let r = x - z. Calculate the highest common factor of r and 104.
13
Let y be (-4617)/(-209) + 2/(-22). Let s = -98 - -219. What is the greatest common divisor of s and y?
11
Suppose 6*q = 4*w + 9*q - 12, -3*w + 9 = -5*q. Calculate the highest common divisor of 147 and w.
3
Let a be (-1683)/204*440/(-6). Calculate the greatest common divisor of a and 165.
55
Let t be 21/9 - 14/(-21). Suppose 4*f - t*q - 306 = 2*q, q = 3*f - 224. Suppose -f - 3 = -7*i. What is the highest common factor of i and 33?
11
Let x(o) = 10 - 3*o - 5 - 1 - 8. Suppose -5*f = -5*z - 59 + 14, -5*z - 3*f = 5. Let v be x(z). What is the greatest common divisor of 8 and v?
8
Let w be 3/(-12) - 554/(-8). Let t = -2278 - -2324. Calculate the greatest common factor of t and w.
23
Suppose -8*m + 74 = -126. What is the highest common divisor of 425 and m?
25
Let m = 1946 - 1782. What is the greatest common divisor of 20 and m?
4
Let h = 2 - 0. Let p be 24/(-30)*(-5)/h. Suppose -181 = -p*n + 143. What is the highest common factor of n and 18?
18
Suppose 0 = -5*t + t + 532. Let a be 3/((-5)/(10/(-3))). Let y be a/(1 - 68/76). Calculate the greatest common factor of y and t.
19
Let i(s) = -s**2 - 12*s - 4. Let u be i(-8). Let d = -184 + 188. Calculate the greatest common factor of u and d.
4
Let p(c) = -10*c**3 + 5*c**2 + 12*c + 22. Let k be p(-3). Calculate the greatest common divisor of 7 and k.
7
Let y(r) = 10*r**2 - 2*r - 1. Let g be -1*(-4)/1 - -4. Suppose -3*w + g*w = 10. Let t be y(w). What is the highest common divisor of t and 280?
35
Let n = 419 + -428. Let x(b) = -2*b + 5. Let j be x(4). Let w be j/n + 596/12. What is the greatest common factor of 5 and w?
5
Let j be 14634/9 - (0 + (-18)/3). Calculate the highest common divisor of j and 51.
51
Let t = -624 - -756. Let h(d) = -13*d**3 - 2*d**2 + 1. Let k be h(-1). Calculate the greatest common divisor of k and t.
12
Let g be -3*(-2 + (-1 - -2)). Suppose -u + 416 = -g*u. Let y be 470/13 + 32/u. What is the highest common factor of 90 and y?
18
Suppose -6*z = -4*z - 1590. What is the highest common factor of 15 and z?
15
Let o = -529 + 550. Calculate the highest common factor of 39 and o.
3
Suppose -438*k + 340 = -421*k. What is the highest common factor of 50 and k?
10
Let i(l) = -36*l - 48. Suppose -45*b = -43*b + 12. Let c be i(b). Calculate the highest common factor of 24 and c.
24
Let s = 359 + -348. What is the highest common factor of s and 44?
11
Let v = -28 - -39. Let g be v/1 + 5 + -2. Let y = g + 42. Calculate the highest common factor of y and 14.
14
Suppose 0 = -5*q - 5, -q + 36 = d + 4*q. Let x = d - 29. Suppose -10*l + x*l = 12. What is the highest common divisor of 66 and l?
6
Let c be (7/(35/(-2)))/((-5)/600). What is the greatest common divisor of c and 16?
16
Let s be (-576)/(-99) - (-4)/22. Let k be -6*(s/(-4) - -1). What is the highest common factor of k and 1?
1
Suppose 0 = -2*j + 12 - 14, 4*f + 4*j - 4860 = 0. Calculate the highest common factor of f and 76.
76
Let h be (36/(1*2))/((-156)/(-5382)). What is the highest common factor of h and 138?
69
Let n(f) = -f - 1. Suppose 14 + 1 = -5*a. Let o be n(a). Suppose -22 = -4*t + o*t. What is the greatest common factor of 99 and t?
11
Let n(i) = -7*i**2 + 55*i + 12. Let q be n(7). What is the highest common divisor of 90 and q?
18
Suppose -2*f + 4*m = 28, 4*m = 5*f + 4 + 78. Let l = f - -15. Let d(c) = -9*c. Let q be d(l). What is the greatest common divisor of 3 and q?
3
Suppose 10*w - 48 = 4*w. Suppose 2*y - w*y + 360 = 0. Calculate the highest common factor of y and 10.
10
Let j = -11 + 6. Let w be j/(-5) + 35 + -2. Suppose 6*k - 136 + w = 0. Calculate the highest common factor of k and 85.
17
Let o be (-2 - -20)*9/2. Let k = o + -72. Let t(a) = a + 36. Let n be t(0). Calculate the highest common divisor of n and k.
9
Let p = -9 + 19. Calculate the greatest common factor of 90 and p.
10
Let g(z) = z + 35. Let p = -17 - 3. Let b be g(p). Calculate the highest common factor of 15 and b.
15
Let l = 1347 - 1324. What is the greatest common divisor of 1219 and l?
23
Suppose -26*n + 485 + 35 = 0. What is the highest common divisor of n and 20?
20
Let n be 0 + 2 + 83/1. Suppose -4*x - 52 = -4*v, -3*v = 2*v - x - n. What is the highest common divisor of 18 and v?
18
Let q be ((-27)/(-12))/((-3)/(-24)). Calculate the greatest common factor of 5 and q.
1
Suppose -h - 66 = 3*z - 229, 5*h - 4*z - 910 = 0. What is the highest common divisor of 89 and h?
89
Suppose -8*g + 2355 = -1389. What is the greatest common factor of 108 and g?
36
Suppose 0 = -3*o - 3*q - 60, 0*o + 5*o + 150 = 5*q. Let n = -18 - o. What is the greatest common divisor of 77 and n?
7
Let v = -751 + 877. What is the greatest common divisor of 14 and v?
14
Let a = 70 - 66. Suppose -a*m + c = -35 - 4, 0 = -3*c + 15. Calculate the greatest common factor of 44 and m.
11
Let a(p) = -p**2 - 11*p - 15. Suppose 47*y = 52*y + 30. Let l be a(y). What is the highest common factor of l and 120?
15
Let u be (7/((-35)/18))/((-36)/960). Calculate the greatest common factor of u and 384.
96
Suppose 5*q + 52 = 3*q. Let w = q - -17. Let c = 6 - w. What is the highest common divisor of 15 and c?
15
Suppose 3*y - 125 = -5*g, -5*g + 0*g - y = -125. Let r be 1 + -3 - 1062/(-6). Calculate the highest common divisor of r and g.
25
Let z = -19 - -47. Let d be (-5 + (-13612)/(-12))*1*3. Suppose 0*k - 11*k + d = 0. Calculate the greatest common factor of k and z.
28
Let t be (-624)/(-18) + 2/9*-3. Suppose -n - t = -73. Calculate the highest common factor of 26 and n.
13
Let d = 78 + -76. Suppose d*q = 4, f - 9 = -4*q + 13. Calculate the greatest common divisor of f and 14.
14
Let z(i) = -68 + 31 - 14*i + 34. Let m be z(-1). What is the highest common divisor of 88 and m?
1